r of 730 and y?
2
Suppose 3*h - 60227 + 11792 = 3*g, 2*h = -4*g + 32308. What is the highest common divisor of h and 44?
44
Let c(g) = -g**2 + 95*g - 202. Let i be c(91). What is the highest common divisor of 6 and i?
6
Suppose 6*f + 100 = -50. Let x = -13 - f. Calculate the greatest common factor of 24 and x.
12
Suppose 3*h = 5*i + 115, -4*h = 3*i + 106 - 269. Let n = h + -39. Suppose 5*z - 2*z = -4*k - 7, 0 = -z - k - 1. What is the highest common factor of n and z?
1
Let b(j) = j**3 - 26*j**2 - 54*j + 43. Let l = 111 - 83. Let x be b(l). Let g = 12 - 3. What is the greatest common factor of x and g?
9
Let u = -2253 - -3748. What is the greatest common factor of u and 1150?
115
Let m(s) = -8*s + 140. Let a be m(7). Calculate the highest common factor of a and 1239.
21
Let b = -4111 - -5308. Calculate the greatest common divisor of b and 1463.
133
Suppose b + 1347 = 5*h, -3*h = -7*b + 12*b - 825. What is the highest common divisor of 930 and h?
30
Let o = 15356 + -761. What is the highest common divisor of o and 210?
105
Let z(j) = j - 12. Let n be z(9). Let u(p) = -p**3 - p**2 + 3*p + 3. Let d be u(n). Let h be 18 + 6*(-8)/d. What is the highest common factor of h and 21?
7
Suppose 5*v = -333 + 33. Let i = v - -54. Let s be (7 + 54/i)*(-18)/4. Calculate the greatest common factor of 3 and s.
3
Let k be 30*((359/10)/((-4)/(-8)) + -3). Calculate the greatest common divisor of k and 96.
48
Suppose 2*q - 30 = -26. Suppose 4*b - 1 = -3*h, q*h - 5 = 7*h. Let r = 49 - 48. Calculate the greatest common divisor of b and r.
1
Let r(i) = -3*i**2 - 111*i. Let v be r(-37). Let l be 4*190/(-80)*(-82 - v). Calculate the greatest common divisor of l and 41.
41
Let p = -710 - -438. Let s = p - -311. What is the highest common factor of 65 and s?
13
Let r(j) = -5*j - 65. Let d be r(-14). Suppose -3*b - 2 + 8 = 0, -d*b + 172 = y. What is the greatest common factor of y and 36?
18
Let u = 249 - 7. Let g(x) = 5*x**2 - 5*x - 8. Let z be g(-2). Suppose 25*b - z = 24*b. Calculate the highest common divisor of u and b.
22
Let r = 33 - 9. Suppose -48*z + 46*z = -60. Suppose 5*h - z = -0. What is the greatest common factor of r and h?
6
Let k(z) be the second derivative of z**4/12 + z**3/3 - z**2/2 + 10*z. Let j be k(3). Let u be 17/5 - j/35. What is the highest common divisor of u and 3?
3
Let b be 2 + (-5)/3 - (-915)/9. Let z = 73 - -114. Calculate the highest common divisor of b and z.
17
Let x = -604 - -129. Let l be (6/(-10))/(-5 - 2370/x). Suppose -220 = -4*c + y + 3*y, c = -y + l. What is the greatest common divisor of c and 7?
7
Let o(j) = -j**3 - 12*j**2 - 14*j - 11. Let v be o(-14). Let m = v + -401. What is the highest common divisor of m and 11?
11
Let w = 13980 - 13952. Let s(l) = l - 2. Let u be s(9). Calculate the greatest common divisor of u and w.
7
Suppose -2*r = -13*r + 484. Calculate the highest common factor of r and 10428.
44
Suppose -12*n - 60 = -16*n. Let r be (3 + (-60)/16)/((-2)/280). Suppose 10*p - r - n = 0. Calculate the greatest common factor of 24 and p.
12
Let r be -1 - ((-4)/2)/1 - -23. Suppose 61*v - r = 53*v. Let l(u) = u**2 + 2*u + 1. Let g be l(-4). Calculate the greatest common factor of g and v.
3
Let g be (-50)/(-10) - (-1 + 1). Suppose 55 - 6 = 7*b. Suppose m = 3*f - b*f + 195, -81 = -2*f + g*m. Calculate the highest common divisor of 24 and f.
24
Suppose 3330 = 3*k - 1281. What is the highest common factor of k and 371?
53
Suppose -1479*n + 792 = -1435*n. What is the highest common factor of 474 and n?
6
Let s = -15 + 19. Suppose -56 = 2*z - s*z. Let m be (-2 + 72)*(-4 - 176/(-40)). What is the greatest common factor of m and z?
28
Let s(u) = -4*u + 1. Let p be s(-1). Let m be 9 + 0 - (17 - 13). Suppose 2*c - 90 = m*x, -5*c - 97 = -x - 276. Calculate the highest common factor of p and c.
5
Suppose 142132 = 4*t + 141300. Calculate the greatest common divisor of t and 325.
13
Let f(o) = o**3 + 9*o**2 - 68*o - 2. Let u be f(8). Let i be 96/10 + -10 + u/5. What is the greatest common factor of i and 189?
27
Let d = 3917 - 3915. Suppose -15 = 5*v - 0, 118 = -2*j - 4*v. Let y be (-1)/(-3) - j/3. What is the highest common factor of d and y?
2
Let g = -10229 - -10251. Let x be (78/(-4))/((-3)/44). What is the highest common divisor of x and g?
22
Let t = 3424 + 6494. What is the greatest common factor of 116 and t?
58
Suppose -35*k = 224 + 21. Let q be 22 + k + -2 + 0. Suppose -2*p + 4*b = -5*p + 66, -5*b - 145 = -5*p. What is the highest common factor of q and p?
13
Let g(l) = 5*l**2 + 21*l. Let z be 0 + -5 + 10 + -11. Let p be g(z). What is the greatest common factor of 9 and p?
9
Let g be ((-5)/((-10)/56))/(306/1224). What is the highest common divisor of 4200 and g?
56
Let o = -2009 + 2064. Calculate the highest common factor of 3091 and o.
11
Let o(v) = v**2 - 3*v - 46. Let z be o(13). Calculate the highest common factor of 357 and z.
21
Suppose 44*j - 5*p = 45*j - 298, p = 4*j - 1339. Calculate the greatest common factor of j and 222.
111
Suppose -170*h - 11011 = -181*h + 3652. What is the greatest common factor of 215 and h?
43
Let t be (25/2 - -3)/((-2)/(-4)). Let y = 47 - t. What is the greatest common factor of y and 10?
2
Suppose 5*r = -5, l - 5*r + 67 = 2*l. Let f = 182 - l. Let q = -202 + 367. What is the greatest common divisor of f and q?
55
Suppose 5*w - 3*w = 26. Let x(r) = 12*r**2 + r + 2. Let i be x(-2). Suppose i*p + 312 = 51*p. Calculate the greatest common factor of w and p.
13
Let a = -12 - -15. Suppose 0 = -x + a*f + 5, -4*f = x - 5 - 0. Suppose x*r - 195 = 345. What is the greatest common divisor of r and 12?
12
Let y(f) = -f**2 + 28*f + 10. Let a be y(0). Suppose -13*h - 2*z + 2044 = -a*h, -z = 4*h - 2732. Calculate the highest common factor of h and 36.
36
Suppose i + 5*v - 13258 = 0, -3235*v = -3231*v - 20. What is the highest common divisor of 99 and i?
33
Suppose g - 26 = -6. Suppose 0 = 7*s - 5*s - 4. Suppose 0 = -o - 2*f - s, -3*o - 4 = 5*f - 1. What is the highest common divisor of g and o?
4
Suppose 69*r = 62*r + 462. Suppose -3*q - 3*a + 0*a = -r, -2*q + 30 = -5*a. What is the greatest common divisor of q and 340?
20
Suppose -13*z = -14*z - 30. Let d be z/(-1) - (0 - 0). What is the highest common divisor of d and 195?
15
Suppose 34 = -h + 22. Let u(q) = -6*q + 38. Let c be u(h). What is the greatest common divisor of 77 and c?
11
Let r = -1099 + 1101. What is the highest common factor of r and 29?
1
Let u = -2 + 6. Suppose -1078 = -5*v + 2*z + 1386, 1970 = 4*v - 2*z. Let n = 502 - v. What is the greatest common divisor of n and u?
4
Let o(i) = i**3 + 7*i**2 - 16*i - 26. Suppose -17 = -2*c - 33. Let q be o(c). What is the greatest common divisor of 38 and q?
38
Suppose 2*p = -b + 2459 + 4955, 8 = 2*b. Calculate the highest common divisor of p and 45.
15
Suppose 3*a - 3646 = -4*z, 4*z + 2933 = 6*a - 4419. What is the greatest common divisor of a and 442?
26
Let t be (-1)/(1/(-6))*9. Let f(p) = -2*p**3 - 9*p**2 + 3*p - 1. Let w be f(-6). Let m = 116 - w. Calculate the greatest common factor of t and m.
27
Let a = 358 - -41. Suppose -3*u + a = 3*k, 14 + 1 = 3*k. Let y(z) = -6*z + 2. Let s be y(-5). Calculate the greatest common factor of s and u.
32
Suppose -16*i + 7981 + 5747 = 0. Calculate the greatest common factor of 104 and i.
26
Let l = 2658 - 2640. Calculate the greatest common factor of l and 318.
6
Let g be -17 + 13 - (-13)/((-91)/(-12222)). What is the highest common divisor of 234 and g?
26
Suppose 275*q = 872930 - 157655. What is the greatest common divisor of 99 and q?
9
Let d = -97 + 104. Suppose -d*x - 3*x - 690 = 0. Let g = x - -100. Calculate the greatest common factor of 248 and g.
31
Let y be (-2 + (-3)/(-2))/(16/(-320)). Suppose -43 = y*g - 1543. What is the greatest common divisor of g and 120?
30
Let x = 45 + -35. Let r be (1 - -2) + 590/x. Calculate the highest common divisor of r and 93.
31
Let o = 5463 - 1251. Suppose 8*w - o = 5*w. Let p be (-2)/7 - w/(-14). What is the greatest common divisor of p and 10?
10
Suppose 0 = 5*j + 355 - 2005. Let o = -6034 + 6094. Calculate the highest common divisor of o and j.
30
Suppose -48*z - 9367 + 52087 = 0. Let f = z - 561. What is the highest common divisor of 188 and f?
47
Let t be -47 + 7 + 3/1. Let z = t - -41. Let g be (10/3 - z)